late k(-3).
28
Let h(q) = -3*q**3 - 356*q**2 + 6872*q + 803. What is h(17)?
4
Let s(a) = 2*a**3 - 90*a**2 + 394*a + 186. What is s(40)?
-54
Let w(o) = 2*o**3 + 51*o**2 + 4102*o + 118740. What is w(-28)?
-36
Let o(y) = -4*y**2 + 209*y + 3057. Calculate o(64).
49
Let f(u) = -130*u - 25747. Calculate f(-204).
773
Let w(q) = -q**3 + 92*q**2 - 4*q + 393. Calculate w(92).
25
Let o(m) = -m**3 + 77*m**2 + 3909*m + 17926. Determine o(113).
-41
Let r(w) = -14065*w - 42112. What is r(-3)?
83
Let k(y) = -404*y - 980. Determine k(1).
-1384
Let v(d) = -2163*d - 5308. What is v(-4)?
3344
Let x(d) = 256900*d - 3596590. Calculate x(14).
10
Let h(x) = 5*x**2 + 338*x - 3025. Calculate h(8).
-1
Let t(p) = -22*p**3 - 195*p**2 + 19*p - 103. What is t(-9)?
-31
Let p(r) = -3*r**3 - 115*r**2 - 121*r - 7757. Calculate p(-39).
4
Let o(y) = 2*y**2 - 1905*y + 68612. Give o(915).
-13
Let x(f) = -2*f**3 - 3*f**2 - 184*f - 1298. What is x(-6)?
130
Let v(w) = -401108*w + 2807787. What is v(7)?
31
Let c(b) = 53*b**2 + 233*b - 5286. Determine c(8).
-30
Let r(l) = -3983*l + 541797. Determine r(136).
109
Let z(o) = 2*o**2 - 1163*o + 167950. Calculate z(267).
7
Let b(x) = -148*x**2 + 991*x + 104. Determine b(7).
-211
Let n(y) = 3*y**2 + 1041*y - 10708. Give n(-357).
2
Let k(n) = 46658*n + 373557. Determine k(-8).
293
Let v(h) = -14*h**3 - 931*h**2 - 6194*h + 59. Determine v(-59).
0
Let f(z) = 21*z**3 + 2830*z**2 - 675*z - 6. Determine f(-135).
-6
Let u(q) = 38135*q - 1067781. Give u(28).
-1
Let y(i) = 1602*i - 14343. Give y(9).
75
Let h(w) = 803*w**2 - 5476*w + 11. Calculate h(7).
1026
Let y(b) = -3*b**3 + 71*b**2 + 53*b - 38. Give y(25).
-1213
Let r(v) = -711*v**2 + 403*v - 808. Calculate r(2).
-2846
Let l(t) = 3*t**3 + 23*t**2 - 4*t + 597. Give l(-10).
-63
Let i(w) = -2*w**2 + 142*w + 611. Calculate i(72).
467
Let s(m) = -16833*m - 319821. What is s(-19)?
6
Let k(p) = -2*p**3 - 9*p**2 + 37*p - 31. What is k(5)?
-321
Let a(q) = -4*q**3 - 259*q**2 - 1595*q + 1. Determine a(-6).
1111
Let a(q) = q**2 + 534*q + 71128. Give a(-246).
280
Let n(k) = -k**3 + 23*k**2 + 104*k - 4818. What is n(26)?
-4142
Let m(g) = 3*g**2 - 328*g - 39170. Give m(-72).
-2
Let l(t) = -11*t**3 + 1064*t**2 + 291*t + 45. Calculate l(97).
45
Let x(i) = -i**3 - 303*i**2 - 17401*i + 43. What is x(-226)?
-183
Let d(n) = 13729*n - 69447. Give d(5).
-802
Let d(o) = 94*o + 1364. Determine d(-27).
-1174
Let w(f) = 182*f - 28725. Determine w(157).
-151
Let i(k) = -k**3 + 15*k**2 + 23*k - 263. What is i(13)?
374
Let l(t) = -t**3 - 79*t**2 + 3553*t + 167. Give l(-111).
56
Let a(j) = -2*j**2 + 350*j - 2782. Determine a(165).
518
Let q(c) = -27*c**2 - 45793*c + 45816. Calculate q(1).
-4
Let f(m) = 12*m**3 + 176*m**2 + 70*m - 596. What is f(-14)?
-8
Let u(a) = -33*a**2 + 211*a + 428. What is u(8)?
4
Let r(s) = s**3 + 315*s**2 + 595*s + 88232. What is r(-314)?
-2
Let j(a) = -2*a**3 - 196*a**2 + 593*a - 1338. What is j(-101)?
-25
Let y(w) = 106*w + 4030. Give y(-37).
108
Let r(d) = 2*d**2 - 153*d - 2725. Determine r(-34).
4789
Let i(r) = -145793*r - 3353221. What is i(-23)?
18
Let z(s) = -s**3 - 101*s**2 - 570*s + 325. What is z(-95)?
325
Let h(a) = -26817*a - 536358. Give h(-20).
-18
Let l(o) = -12*o**2 - 68*o + 320. Calculate l(3).
8
Let k(v) = -17*v**3 + 118*v**2 + 55*v - 389. Calculate k(7).
-53
Let x(v) = 2*v**3 - 128*v**2 + 2051*v - 103. Determine x(32).
-7
Let v(q) = q**3 + 65*q**2 + 65*q + 127. Determine v(-64).
63
Let i(c) = -c**2 + 16254*c - 939444. What is i(58)?
-76
Let t(h) = 87*h**3 - 14720*h**2 + 2941*h - 11496. What is t(169)?
-4
Let f(m) = m**3 + 227*m**2 - 5994*m - 194918. Calculate f(-248).
10
Let r(d) = d**3 - 898*d**2 + 18*d - 6. What is r(0)?
-6
Let o(n) = -77896*n + 155836. What is o(2)?
44
Let z(y) = -164800*y + 164803. Determine z(1).
3
Let r(t) = -19*t**2 + 1175*t - 39. Determine r(62).
-225
Let j(d) = -2328*d + 214318. Determine j(92).
142
Let l(u) = 1362396*u - 14986357. What is l(11)?
-1
Let j(b) = -4*b**3 - 51*b**2 - 264*b - 12. Calculate j(-5).
533
Let n(u) = -u**3 - 81*u**2 - 708*u - 79. Calculate n(-71).
-221
Let h(d) = -57*d - 2545. Calculate h(-56).
647
Let j(m) = -95*m**2 + 1060*m - 83. Calculate j(10).
1017
Let a(t) = 3*t**3 - 19*t**2 - 11*t + 44. Calculate a(10).
1034
Let u(x) = 2*x**2 + 1423*x + 98827. Give u(-78).
1
Let c(m) = 4*m**3 + 95*m - 178. Determine c(2).
44
Let t(c) = 35784*c - 572607. What is t(16)?
-63
Let s(t) = -650*t**2 + 137*t - 96. Calculate s(-2).
-2970
Let t(d) = 88*d + 10763. Determine t(-122).
27
Let y(z) = -815*z**2 + 80652*z + 3280. Calculate y(99).
13
Let j(v) = 5320*v + 157632. Determine j(-29).
3352
Let a(s) = 564218*s - 564206. Give a(1).
12
Let r(z) = -15*z**2 - 8812*z + 22361. What is r(-590)?
-59
Let f(j) = -33869*j - 6638317. Determine f(-196).
7
Let l(c) = -c**3 - 22*c**2 + 33*c - 166. Give l(-24).
194
Let k(l) = 8*l**3 + 5*l**2 + 218*l - 223. Determine k(1).
8
Let l(x) = 2*x**3 - 266*x**2 + 397*x + 16664. Determine l(131).
27
Let x(n) = -5*n**2 - 72*n - 347. Give x(-5).
-112
Let d(h) = -h**2 - 76*h - 267. Give d(-57).
816
Let g(h) = -83*h - 657. What is g(-15)?
588
Let p(i) = 4*i**3 - 26*i**2 + 34*i - 117. Give p(7).
219
Let g(s) = s**2 + 167*s - 736. Determine g(-180).
1604
Let w(s) = s**3 + 119*s**2 - 446*s + 38020. Calculate w(-125).
20
Let i(b) = -b**2 - 10471*b + 241370. What is i(23)?
8
Let i(r) = -198*r**2 + 11299*r - 741. Give i(57).
0
Let h(j) = 6722*j - 33571. What is h(5)?
39
Let w(k) = 296*k - 30551. Give w(112).
2601
Let z(f) = -f**3 - 29*f**2 - 552*f - 11277. Calculate z(-25).
23
Let p(d) = -1946*d + 53013. Determine p(27).
471
Let z(g) = -g**3 - 21*g**2 - 31*g + 704. Give z(-16).
-80
Let x(r) = 4*r**2 - 6024*r + 36064. Determine x(6).
64
Let i(o) = o**3 - 76*o**2 + 4*o - 478. What is i(76)?
-174
Let u(c) = -c**3 - 20*c**2 - 75*c - 7. Give u(-15).
-7
Let z(y) = y**3 + 167*y**2 + 5250*y - 289. Give z(-125).
-289
Let z(d) = 2*d**3 - 167*d**2 + 951*d + 27. Determine z(6).
153
Let u(x) = 8*x**3 + 7*x**2 + 105. Determine u(4).
729
Let p(w) = 4562*w + 301104. Calculate p(-66).
12
Let m(j) = j**2 - 11310*j + 965270. Determine m(86).
6
Let f(n) = 175*n - 4827. Calculate f(30).
423
Let k(g) = -1064*g**2 + 10648*g - 78. Determine k(10).
2
Let u(x) = 11*x**2 + 4*x - 425. Determine u(-14).
1675
Let d(b) = -b**2 + 16538*b + 148913. Determine d(-9).
-10
Let t(j) = 4*j**2 + 138*j + 826. Determine t(-27).
16
Let w(l) = l**2 + 146*l - 10058. Determine w(51).
-11
Let o(s) = 9*s**2 - 865*s + 3301. Determine o(4).
-15
Let a(k) = -344557*k - 1722734. Calculate a(-5).
51
Let l(m) = -1325*m + 21213. Give l(16).
13
Let a(v) = -40*v**2 + 237*v + 236. Calculate a(-1).
-41
Let f(i) = 2*i**3 - 160*i**2 + 30*i - 1410. What is f(80)?
990
Let t(f) = f**3 + 8*f**2 - 1307*f - 9196. What is t(-7)?
2
Let g(f) = -f**2 - 34853*f + 104576. What is g(3)?
8
Let g(i) = 39173*i + 2272026. Give g(-58).
-8
Let k(x) = -6*x**3 - 371*x**2 - 163*x + 8644. Calculate k(-61).
-18
Let w(r) = -4*r**2 + 5375*r - 5368. Give w(1).
3
Let s(q) = -82*q**3 - 906*q**2 - 33*q - 52. Give s(-11).
-173
Let r(t) = -65835*t - 526679. Determine r(-8).
1
Let w(f) = f**3 - 26*f**2 - 27*f + 696. Determine w(26).
-6
Let d(j) = -589*j + 29731. What is d(55)?
-2664
Let u(d) = 124*d**2 + 140*d + 136. Give u(-2).
352
Let h(b) = 110029*b - 1430352. Calculate h(13).
25
Let y(m) = -2112*m**2 - 84483*m - 120. Give y(-40).
0
Let w(p) = -191*p**3 + 12*p**2 + 23*p + 6. Give w(-1).
186
Let q(a) = -a**3 + 25*a**2 - 33*a - 54. What is q(4)?
150
Let p(t) = -518*t - 4168. Calculate p(-8).
-24
Let t(r) = -499*r**3 + 10479*r**2 - 7*r + 148. What is t(21)?
1
Let p(c) = -485782*c - 7772508. Determine p(-16).
4
Let d(y) = 210*y + 8090. Calculate d(-38).
110
Let p(c) = -6*c**3 - 37*c**2 - 42*c + 7. What is p(-2)?
-9
Let b(v) = -v**3 + 110*v**2 + 879*v - 73291. Calculate b(112).
69
Let n(x) = -252*x - 37328. Give n(-150).
472
Let w(d) = -d**3 + 94*d**2 - 1939*d + 557. Calculate w(30).
-13
Let c(b) = -4*b**3 - 10*b**2 + 52*b + 10. Calculate c(7).
-1488
Let b(a) = 4*a**3 - 49*a**2 - 34*a - 109. Determine b(13).
-44
Let y(d) = 104687*d - 104699. Determine y(1).
-12
Let z(x) = 12*x**2 - 187*x - 2841. Calculate z(25).
-16
Let j(s) = s**3 - 21*s**2 - 31*s - 74. Calculate j(21).
-725
Let b(o) = -5*o**3 + 70*o**2 + 126*o + 542. What is b(